
Convert -253b (base 12) to base 10.
-4223
Convert -3d6 (base 14) to base 8.
-1410
Convert -3021 (base 13) to base 11.
-4a77
Convert 13212113 (base 4) to base 6.
400035
What is 1345242 (base 6) in base 8?
225072
Convert -12242 (base 5) to base 16.
-3b3
56551 (base 9) to base 5
2201010
Convert -2210 (base 10) to base 6.
-14122
-77 (base 8) to base 15
-43
116 (base 14) to base 5
1331
What is -353 (base 11) in base 6?
-1541
-2103 (base 4) to base 15
-9c
Convert 1221323 (base 4) to base 5.
204104
Convert -1011222112 (base 3) to base 9.
-34875
Convert 3281 (base 13) to base 5.
211114
-431 (base 13) to base 11
-5a1
Convert -230 (base 7) to base 2.
-1110111
-152026 (base 7) to base 3
-1111111021
Convert -6450 (base 8) to base 9.
-4552
What is -104112 (base 5) in base 16?
-e49
802 (base 12) to base 2
10010000010
What is -895 (base 14) in base 4?
-122203
-10000001011111 (base 2) to base 10
-8287
10301 (base 4) to base 15
155
-130c7 (base 13) to base 11
-24595
What is -1140 (base 7) in base 10?
-420
What is 144442 (base 5) in base 12?
3747
Convert -100012010 (base 3) to base 4.
-1220223
What is -9290 (base 12) in base 7?
-64332
Convert 10202200 (base 3) to base 12.
1709
What is -1ad (base 15) in base 6?
-1444
What is -2323 (base 6) in base 15?
-270
3ed (base 15) to base 5
12043
11130 (base 7) to base 9
3766
120000 (base 4) to base 7
4323
-4c9 (base 16) to base 4
-103021
-3378 (base 14) to base 15
-29a1
Convert -11d3c (base 15) to base 3.
-2220011110
Convert ad5 (base 15) to base 14.
c70
89a8 (base 12) to base 9
22822
213104 (base 5) to base 4
1301233
-423525 (base 7) to base 9
-121520
82 (base 14) to base 11
a4
What is -3119 (base 10) in base 3?
-11021112
428 (base 9) to base 12
252
What is -8692 (base 11) in base 7?
-45312
-8405 (base 14) to base 16
-58d5
What is -556 (base 14) in base 16?
-420
2a60 (base 15) to base 3
110110200
Convert 30425 (base 6) to base 8.
7721
Convert -201340 (base 6) to base 4.
-3320130
1210121 (base 4) to base 5
201200
What is -17d6 (base 15) in base 11?
-3963
Convert 33430 (base 5) to base 15.
a7a
2806 (base 10) to base 11
2121
Convert 20156 (base 8) to base 9.
12344
Convert -2415 (base 6) to base 7.
-1466
Convert 1b41 (base 12) to base 13.
16b7
201341 (base 6) to base 3
210210221
Convert -32203 (base 4) to base 12.
-657
Convert -1010022012 (base 3) to base 10.
-22091
10221221220 (base 3) to base 13
2964c
Convert -15828 (base 11) to base 9.
-33521
200112220 (base 3) to base 5
413044
Convert 120111 (base 5) to base 3.
20001012
Convert 12002 (base 7) to base 12.
1955
Convert -11110011000 (base 2) to base 5.
-30234
What is -100001001100 (base 2) in base 14?
-aba
Convert 104110 (base 6) to base 4.
2013222
-6364 (base 9) to base 6
-33351
210113 (base 4) to base 5
33302
What is -b3 (base 15) in base 4?
-2220
Convert 10001001011 (base 2) to base 3.
1111201
Convert 20312 (base 4) to base 2.
1000110110
Convert -10011100000 (base 2) to base 7.
-3432
Convert -11300 (base 5) to base 8.
-1471
What is -8618 (base 9) in base 12?
-37bb
9a9 (base 12) to base 11
1086
What is 288 (base 14) in base 6?
2212
Convert 105 (base 11) to base 13.
99
Convert -1075 (base 8) to base 5.
-4243
What is d1 (base 14) in base 8?
267
-114434 (base 5) to base 8
-10421
What is 1335533 (base 6) in base 11?
51511
Convert 52118 (base 10) to base 14.
14dca
-20003 (base 7) to base 6
-34125
123030 (base 4) to base 8
3314
-1fa (base 16) to base 8
-772
Convert -293b (base 13) to base 3.
-22011221
What is -121564 (base 7) in base 6?
-250551
Convert 11001101001001 (base 2) to base 3.
200000021
What is 180c4 (base 13) in base 7?
251656
-170a2 (base 14) to base 9
-87214
-1154 (base 7) to base 14
-22b
Convert -315 (base 10) to base 15.
-160
Convert 109a (base 12) to base 2.
11100110110
-29220 (base 10) to base 12
-14ab0
Convert 11233 (base 4) to base 2.
101101111
Convert -212 (base 10) to base 16.
-d4
Convert 22221 (base 4) to base 7.
1662
-2404 (base 12) to base 9
-5474
What is -23015 (base 10) in base 4?
-11213213
f091 (base 16) to base 8
170221
Convert -25052 (base 10) to base 2.
-110000111011100
23c4 (base 14) to base 5
144443
-1330331 (base 4) to base 15
-2582
2360 (base 10) to base 8
4470
What is a0d6 (base 15) in base 9?
51513
-81261 (base 9) to base 12
-26b0a
What is 1065 (base 8) in base 6?
2341
Convert 2512 (base 10) to base 8.
4720
What is -37407 (base 10) in base 8?
-111037
Convert 1330 (base 7) to base 15.
241
220323 (base 5) to base 16
1da4
What is 23806 (base 9) in base 7?
64353
What is 34 (base 6) in base 9?
24
What is -2a3 (base 15) in base 10?
-603
What is 13331 (base 5) in base 13?
65c
What is 22002110 (base 3) in base 15?
1b33
-214 (base 7) to base 15
-74
5918 (base 12) to base 16
26e4
-2 (base 7) to base 4
-2
-2860 (base 14) to base 10
-7140
Convert 1022200200 (base 3) to base 2.
110010110100011
10220223 (base 4) to base 11
132a1
Convert 504 (base 8) to base 12.
230
Convert -2c01 (base 14) to base 13.
-3752
Convert 1553 (base 9) to base 7.
3306
What is -32003 (base 8) in base 9?
-20234
-170 (base 8) to base 15
-80
Convert -2ac (base 16) to base 6.
-3100
-261 (base 12) to base 6
-1401
What is 15136 (base 7) in base 15?
1397
What is 3396 (base 10) in base 16?
d44
157ae (base 15) to base 8
207167
31626 (base 7) to base 4
1322310
Convert -330301 (base 4) to base 8.
-7461
Convert 2140 (base 14) to base 16.
166c
Convert -1298 (base 12) to base 15.
-972
What is 1311 (base 5) in base 6?
542
What is 14b8 (base 16) in base 14?
1d0c
What is 6410 (base 9) in base 7?
16503
Convert 15088 (base 9) to base 16.
282e
What is 11111111110010 (base 2) in base 10?
16370
53662 (base 8) to base 10
22450
-4305 (base 10) to base 15
-1420
100120322 (base 4) to base 10
67130
-11212 (base 4) to base 15
-18d
What is 1421242 (base 5) in base 10?
29572
What is 20 (base 14) in base 12?
24
Convert -5066 (base 10) to base 11.
-3896
Convert 376 (base 12) to base 3.
201100
Convert -322 (base 11) to base 12.
-283
What is -50cb (base 13) in base 6?
-123344
515 (base 7) to base 12
195
4034040 (base 5) to base 7
360125
What is 3501 (base 7) in base 9?
1666
What is -221220 (base 3) in base 4?
-22323
1010101100111 (base 2) to base 3
21111221
Convert -221110 (base 3) to base 13.
-40b
Convert -c19 (base 15) to base 7.
-10641
Convert 674 (base 13) to base 14.
593
b20 (base 15) to base 7
10206
-10323 (base 4) to base 7
-630
Convert -101010 (base 3) to base 2.
-100010001
Convert 5671 (base 8) to base 15.
d51
What is -6d8 (base 14) in base 13?
-811
What is 100112 (base 4) in base 15?
49b
Convert 163605 (base 7) to base 16.
7f1d
Convert -349a4 (base 11) to base 13.
-19c6a
Convert 6129 (base 10) to base 6.
44213
What is -44a0 (base 15) in base 8?
-34326
Convert -1000010111101 (base 2) to base 16.
-10bd
26354 (base 7) to base 10
7046
115 (base 11) to base 14
9b
What is 11222 (base 3) in base 5?
1014
-114333 (base 6) to base 3
-111210210
What is 8b74 (base 12) in base 8?
36210
What is -201011222 (base 3) in base 7?
-55526
What is 4241 (base 12) in base 8?
16121
What is 140b (base 13) in base 8?
5504
-217 (base 13) to base 5
-2413
3123310 (base 4) to base 2
11011011110100
What is -506 (base 13) in base 3?
-1011112
2143043 (base 5) to base 9
56114
What is 114303 (base 5) in base 13?
1c7c
Convert 2 (base 10) to base 6.
2
What is -47583 (base 10) in base 3?
-2102021100
Convert 10c (base 15) to base 8.
355
-100c (base 16) to base 11
-30a5
What is 429 (base 14) in base 8?
1465
-27f0 (base 16) to base 11
-7755
Convert 15302 (base 6) to base 11.
1960
What is -2a0c (base 15) in base 16?
-2334
-503403 (base 7) to base 6
-1454423
What is 53a (base 11) in base 10?
648
What is 110100 (base 4) in base 11?
a79
What is -22465 (base 11) in base 6?
-410243
2033131 (base 4) to base 9
13531
1b87 (base 13) to base 5
113132
What is 508 (base 11) in base 4?
21211
Convert -1a32 (base 11) to base 14.
-d20
What is 100101110010 (base 2) in base 15?
ab3
121d2 (base 14) to base 7
243052
Convert -600 (base 8) to base 11.
-31a
-13421 (base 9) to base 15
-2a61
Convert -254205 (base 6) to base 12.
-11365
Convert 2815 (base 10) to base 2.
101011111111
1553 (base 6) to base 13
270
Convert -14388 (base 9) to base 14.
-3800
10536 (base 7) to base 8
5161
What is 295 (base 13) in base 12?
324
Convert -1110111111 (base 2) to base 16.
-3bf
Con